082565.
5, 17, 1295089
List the prime factors of 364944331.
47, 71, 109363
What are the prime factors of 203667078?
2, 3, 1117, 30389
What are the prime factors of 2973947895?
3, 5, 2377, 27803
List the prime factors of 1275166890.
2, 3, 5, 37, 382933
What are the prime factors of 163584971?
11, 97, 153313
List the prime factors of 145561531.
17, 1229, 6967
What are the prime factors of 6276879322?
2, 7, 67, 955967
What are the prime factors of 249122010?
2, 3, 5, 83, 100049
What are the prime factors of 22132944?
2, 3, 153701
List the prime factors of 2106787091.
41, 83, 7459
What are the prime factors of 511778074?
2, 255889037
What are the prime factors of 44643233?
44643233
What are the prime factors of 8685277187?
24977, 347731
List the prime factors of 429710254.
2, 193, 1113239
List the prime factors of 645301175.
5, 89, 290023
List the prime factors of 24176975.
5, 17, 163, 349
What are the prime factors of 176764028?
2, 7, 17, 371353
What are the prime factors of 4129926810?
2, 3, 5, 5231, 26317
List the prime factors of 3734999540.
2, 5, 186749977
What are the prime factors of 979517629?
23, 42587723
What are the prime factors of 310250310?
2, 3, 5, 1993, 5189
What are the prime factors of 2015954?
2, 1007977
What are the prime factors of 1705833928?
2, 83, 2569027
What are the prime factors of 479447133?
3, 11, 1320791
List the prime factors of 16854900.
2, 3, 5, 19, 2957
What are the prime factors of 684806170?
2, 5, 19, 189697
What are the prime factors of 75259173?
3, 11, 47, 48523
List the prime factors of 223521607.
283, 789829
List the prime factors of 267710898.
2, 3, 7, 13, 490313
What are the prime factors of 913451?
7, 11, 11863
What are the prime factors of 47841000?
2, 3, 5, 37, 431
List the prime factors of 24401644.
2, 29, 210359
List the prime factors of 31680724.
2, 17, 465893
List the prime factors of 830067413.
7, 1861, 63719
List the prime factors of 23722945.
5, 4744589
What are the prime factors of 3246133533?
3, 1019, 1061869
What are the prime factors of 268564847?
268564847
List the prime factors of 116358924.
2, 3, 11, 127, 631
List the prime factors of 264616142.
2, 7, 18901153
List the prime factors of 186605825.
5, 7, 1066319
List the prime factors of 729719704.
2, 7, 163, 79943
List the prime factors of 51207891.
3, 7, 348353
What are the prime factors of 854645787?
3, 3001, 31643
List the prime factors of 131144490.
2, 3, 5, 1457161
List the prime factors of 34498798.
2, 17249399
What are the prime factors of 133222224?
2, 3, 19, 146077
What are the prime factors of 33685500?
2, 3, 5, 17, 1321
List the prime factors of 207967567.
207967567
List the prime factors of 19961412.
2, 3, 73, 22787
List the prime factors of 207572227.
17, 29, 24767
What are the prime factors of 441634579?
441634579
List the prime factors of 7165910110.
2, 5, 716591011
List the prime factors of 1086467965.
5, 11, 977, 20219
List the prime factors of 4917865811.
61, 719, 112129
What are the prime factors of 98410452?
2, 3, 7, 1171553
List the prime factors of 105400434.
2, 3, 31, 239, 2371
List the prime factors of 8552291.
11, 37, 21013
What are the prime factors of 387270493?
3221, 120233
List the prime factors of 299132142.
2, 3, 1277, 39041
List the prime factors of 4985586419.
11, 453235129
What are the prime factors of 137644970?
2, 5, 13764497
List the prime factors of 44731330.
2, 5, 7, 349, 1831
What are the prime factors of 1301545699?
1301545699
What are the prime factors of 1197079472?
2, 47, 101, 15761
List the prime factors of 1873751684.
2, 7, 349, 191747
List the prime factors of 3707275544.
2, 7, 17, 3894197
List the prime factors of 667451609.
11, 149, 37021
What are the prime factors of 488529662?
2, 197, 1239923
What are the prime factors of 2465909?
2465909
List the prime factors of 267686054.
2, 31, 4317517
What are the prime factors of 2211946311?
3, 737315437
List the prime factors of 61445618.
2, 13, 2363293
List the prime factors of 56003940.
2, 3, 5, 37, 2803
List the prime factors of 24502468.
2, 113, 151, 359
What are the prime factors of 657363006?
2, 3, 719, 16931
List the prime factors of 41540727.
3, 13846909
What are the prime factors of 58910326?
2, 29455163
List the prime factors of 146922744.
2, 3, 19, 43, 59, 127
What are the prime factors of 874810891?
41, 520411
List the prime factors of 43242120.
2, 3, 5, 40039
List the prime factors of 1558429117.
7, 17, 31, 422453
What are the prime factors of 963945634?
2, 481972817
What are the prime factors of 43522877?
23, 1892299
List the prime factors of 385675250.
2, 5, 503, 3067
List the prime factors of 486029323.
13, 67, 593, 941
List the prime factors of 5874546676.
2, 3257, 450917
List the prime factors of 603457470.
2, 3, 5, 7, 11, 31, 53
List the prime factors of 1446673368.
2, 3, 7, 8611151
What are the prime factors of 6266161?
11, 331, 1721
What are the prime factors of 5853560423?
71, 313, 263401
What are the prime factors of 45375742?
2, 22687871
What are the prime factors of 171610377?
3, 43, 1330313
What are the prime factors of 33041993?
1163, 28411
List the prime factors of 6217101735.
3, 5, 13, 149, 213977
What are the prime factors of 895856604?
2, 3, 181, 412457
List the prime factors of 2573083896.
2, 3, 37, 167, 17351
List the prime factors of 78045108.
2, 3, 61, 106619
List the prime factors of 304304648.
2, 38038081
What are the prime factors of 76742938?
2, 19, 229, 8819
What are the prime factors of 1320038393?
1320038393
List the prime factors of 123751085.
5, 19, 1103, 1181
What are the prime factors of 109359918?
2, 3, 109, 139, 401
What are the prime factors of 229394058?
2, 3, 479, 79817
What are the prime factors of 385916547?
3, 128638849
What are the prime factors of 950480171?
950480171
What are the prime factors of 40570749?
3, 71, 173, 367
List the prime factors of 45898056.
2, 3, 37, 5743
List the prime factors of 1592921191.
1811, 879581
What are the prime factors of 4548163?
17, 19, 14081
List the prime factors of 62933860.
2, 5, 11, 286063
What are the prime factors of 771970525?
5, 31, 439, 2269
List the prime factors of 175173196.
2, 11, 3981209
List the prime factors of 209972100.
2, 3, 5, 13, 17, 3167
What are the prime factors of 78076806?
2, 3, 79, 127, 1297
What are the prime factors of 87044003?
87044003
List the prime factors of 729262173.
3, 23, 89, 149, 797
What are the prime factors of 1178069625?
3, 5, 1047173
What are the prime factors of 99294081?
3, 33098027
List the prime factors of 4132879650.
2, 3, 5, 37, 89, 2789
List the prime factors of 143096188.
2, 67, 509, 1049
What are the prime factors of 34967498?
2, 23, 760163
What are the prime factors of 183480641?
97, 421, 4493
What are the prime factors of 2556923?
71, 36013
What are the prime factors of 23279378?
2, 823, 14143
List the prime factors of 1573120902.
2, 3, 262186817
What are the prime factors of 4934916187?
223, 22129669
What are the prime factors of 613005168?
2, 3, 283, 45127
What are the prime factors of 5512560?
2, 3, 5, 103, 223
What are the prime factors of 2545318412?
2, 7, 13, 97, 72089
List the prime factors of 81256014.
2, 3, 7, 41, 107
What are the prime factors of 5471799010?
2, 5, 17, 32187053
List the prime factors of 132414971.
13, 19, 37, 14489
List the prime factors of 2499286108.
2, 11, 73, 778109
List the prime factors of 1909795356.
2, 3, 7, 7578553
What are the prime factors of 51908770?
2, 5, 5190877
What are the prime factors of 16351999?
487, 33577
What are the prime factors of 13130454?
2, 3, 2188409
What are the prime factors of 1715165458?
2, 31, 89, 310831
What are the prime factors of 499878529?
9343, 53503
List the prime factors of 25192895.
5, 7, 13, 17, 3257
List the prime factors of 19022885.
5, 7, 421, 1291
List the prime factors of 100693021.
11, 13, 37, 19031
List the prime factors of 70975049.
70975049
List the prime factors of 3442304866.
2, 7, 11, 13, 1719433
What are the prime factors of 30656254?
2, 15328127
List the prime factors of 83520293.
31, 2694203
List the prime factors of 127884864.
2, 3, 666067
List the prime factors of 37086533.
11, 353, 9551
What are the prime factors of 5550874?
2, 7, 17, 83, 281
What are the prime factors of 378666654?
2, 3, 109, 443, 1307
What are the